11 - (16 + -11) - 4) + (1 - 4)
-1
What is the value of -14 - (16 + -26) - (-1 + (5 - 3))?
-5
Evaluate -5 - (-9 - 2 - (-11 - (12 + -25))).
8
What is the value of 1 + 2 + -28 + 34 + 6?
15
Calculate -2 + (10 - 18) + 16.
6
What is -50 + 50 - (1 - 2 - -11)?
-10
Calculate 186 + -180 + -2 + -1.
3
What is the value of 3 - -1 - (20 - (11 - 3))?
-8
What is the value of -6 + -1 + 0 + (4 - (3 + -3))?
-3
Calculate 14 - (-13 - (1 + -20)).
8
What is the value of 14 + (10 - 29) - -15?
10
Evaluate 2 + (-9 + (1 - -4) - -10).
8
Evaluate (2 - (-17 - 2)) + 1917 + -1909.
29
Evaluate 3 + -9 + -2 + 4 + 12.
8
What is (4 - -2) + -55 + 57 - 38?
-30
What is -1 + -8 + (226 + -224 - (-1 - 6))?
0
What is 14 - (-19 + 50 - 18)?
1
Evaluate 8 + (-8 - (-7 + 0 + (-23 - -32))).
-2
What is 17 + -32 - -6 - 4?
-13
(0 - -20) + (28 - (-7 + 16))
39
Evaluate 16 + 0 + 2 + 7 + 4 + -18.
11
What is the value of 63 - 48 - (-2 - (3 + -11))?
9
What is -23 + 17 + (-32 - -43)?
5
Evaluate 25 + -60 - (-5 + -16 - -8).
-22
What is the value of (-6 - (5 - 13)) + -8?
-6
Evaluate 2 - 11 - (-91 + 45 - -41).
-4
-4 + 22 + -17 + (0 - 1)
0
(4 - 12 - (3 - 4)) + 7
0
Calculate 3 - (0 + 0 + -465 + 462).
6
What is 23 + (-7 - (-9 - -11 - -2))?
12
Calculate -1 + (13 - (3 - -9) - (15 + -5)).
-10
-2 + (-12 - (-11 - -17 - 16))
-4
What is (1 - (3 + -5 - -7)) + -184 + 183?
-5
What is (-3 - (4 + -4)) + 6 + 8 + -1?
10
-20 - -25 - (2 + (7 - 4 - 3))
3
What is the value of -14 - ((-11 - -4) + -17)?
10
-11 + 13 + -7 + -24
-29
What is the value of (-8 + 10 - (-1 + 3)) + -3?
-3
Evaluate (10 - (33 + -11)) + 7 + -12.
-17
-1 - (36 + -12 + -22)
-3
Evaluate -207 + 210 + 1 + 4 + 2.
10
Calculate 15 - (9 - (4 + 2)) - (7 + -2).
7
-1 + (1 - -1) + -249 + 243
-5
What is the value of 15 + -15 + (-1 + -6 - -6)?
-1
What is the value of -6 - (-5 - -3) - (-14 - -2)?
8
(10 - 5) + 11 - -4 - (-2 + 11)
11
Evaluate 0 - (-8 - (-3 - 10)) - 5.
-10
Evaluate (6 - 15) + 14 - 15.
-10
What is the value of 28 + (-22 - (-30 + 14))?
22
Evaluate -14 + -24 + 41 + -3.
0
Calculate -1 - (11 + 5 + (2 - 8)).
-11
What is (14 + -9 - 1 - -3) + 11?
18
Calculate -7 + (0 - 0 - (-80 - -85)).
-12
Evaluate 7 + -8 - (-5 - -7).
-3
Evaluate 1 + 0 + -29 - (-29 - (-103 - -67)).
-35
Calculate (1 - (11 - (2 - 4))) + (-1 - 5).
-18
Evaluate -19 + -15 + 11 - -11.
-12
Calculate 15 + -43 + 59 + (3 - 33).
1
What is the value of (-11 - -6) + 14 + 0 + -22?
-13
What is 30 + 14 + -23 - 13?
8
Evaluate 15 - (-2 + 2 - -6).
9
What is (11 - (-2 - 1)) + -40?
-26
-7 + (-2 - 3 - -22) - 3
7
Evaluate 19 + -16 + (-20 - -16).
-1
(-5 - -1) + (-22 + 11 - -12) - -1
-2
Evaluate 1 - 2 - (34 + -37) - (-14 - -7).
9
Calculate -6 + (9 - 13 - 6) + 2.
-14
What is -7 + (37 + (-6 - 1) - 4 - 7)?
12
-14 - (2 + -17 - -4)
-3
Evaluate (6 - 0 - 9 - (-2 + 1)) + 2.
0
What is -6 + 10 + (-7 - -10) + (0 - 3)?
4
5 + (-23 - (17 - 30) - 5)
-10
Calculate 8 + 2 + (4 - 5) - (20 - 2).
-9
17 + 2 + (-7 - (2 + -7))
17
What is 18 + -16 + 4 + 6?
12
-12 + -3 + (-12 - -34)
7
(24 - 10) + 0 - 1
13
Calculate 10 - 3 - (77 + -67).
-3
12 + (6 - 20) - (-50 + 22)
26
-3 + 5 + -6 + 2 - (-6 + 2)
2
Evaluate 4 - (10 + -5) - -1 - (-23 + 37).
-14
Calculate (-2 - (-1 + -2)) + -66 + 80.
15
Calculate -10 + 30 + -20 - (-4 - 0).
4
What is the value of (0 + 2 + 7 - -18) + (3 - 8)?
22
Calculate -32 + 34 + (15 - 4) - 4.
9
Calculate (-28 + -1 - -30) + 2.
3
-9 + 6 + -12 - (-1 - -7 - 5)
-16
11 + (-6 - (8 - 11))
8
What is 19 - (5 - (1 - -4))?
19
Calculate -1584 - -1618 - (46 - 0).
-12
Evaluate 6 + -27 + 4 + (9 - (12 - -2)).
-22
What is -17 + 1 + 6 + 4 + 5?
-1
What is (7 - 0 - -2) + -16 + -5?
-12
What is 58 - (108 + -47) - (0 + -2)?
-1
Evaluate (0 + (-7 - -7) - (-5 - 1)) + 6.
12
What is the value of (8 - (3 - -17)) + 24?
12
Evaluate -11 + 9 + (10 + -3 - -3).
8
Calculate 16 - (3 - (-43 - -26)).
-4
What is the value of -19 + (29 - (21 - 4))?
-7
What is the value of 8 - (12 + -5) - 3 - (0 + -16)?
14
Calculate (-25 - -82) + -37 + -10 + 0.
10
What is the value of -9 + 13 + -4 - (1 + 1 - 9)?
7
Calculate -10 + 18 + -13 + 16.
11
What is the value of (-1 - 0) + (-718 - -682)?
-37
What is the value of -12 + -29 + 42 + (-2 + 3 - 2)?
0
What is -3 + 6 - 13 - -23?
13
-5 + 3 - (-1 - 2)
1
2 + -1 - -7 - -1
9
Evaluate -2 + 5 + 18 + -3 - (-24 - -27).
15
What is the value of 16 + -14 + -25 + -1 + 2 + 7?
-15
Evaluate -6 - (22 - 28) - (-2 - 0).
2
What is 13 - (-12 + 4) - 20?
1
Calculate 5 - -23 - (-71 - -93).
6
Evaluate 11 - (0 - (-13 - -6)) - (-4 + 7).
1
What is 8 + (14 - (8 + (14 - -11)))?
-11
Calculate (8 - 1) + -4 + (1 - -9) + -14.
-1
Evaluate (8 - (9 + -2)) + (1 + 0 - -6).
8
What is the value of 32 + (-29 - -16) + -12?
7
What is 14 - (14 - (-3 - -11 - (1 + 4)))?
3
Evaluate (2 - -1 - 0) + -44 + 4 + 44.
7
Calculate 17 + -8 + -2 + -2.
5
0 + 14 - 13 - -4
5
Calculate -5 - (-1 + (-32 - 3 - -7) - -5).
19
53 - 75 - (-4 + -8 + 1)
-11
Calculate (-63 - -24) + 36 + 1 + 0 + -3.
-5
What is the value of 0 + (9 + 12 + -14 - 13)?
-6
Evaluate 1 + (-8 - (6 + -4 - 9)).
0
Evaluate 76 + -60 + (-5 - -2).
13
(6 - 7) + -4 + -5
-10
What is the value of 0 - (-17 + 5 - -3)?
9
-5 - (-18 - (-6 + -3))
4
-14 - (27 - (-17 - -50))
-8
Evaluate 39 + (23 - (5 - -26)).
31
Calculate (-3 - -2) + 0 + (405 - 384).
20
(-11 - -6 - (7 - 24)) + -9
3
What is the value of -19 + -13 + (31 - 19) + 57?
37
Calculate 6 + 6 + -3 - (250 - 240).
-1
What is -8 + 15 - 6 - 10?
-9
-29 + 17 + 18 - -21
27
Calculate 73 + -78 + (2 - 0) - -18 - -10.
25
17 + (-5 - (-18 - -7))
23
-65 + (68 - -2) + (1 - -13)
19
-8 - (7 + (-5 - (-6 - -6)) + -6)
-4
8 + (-33 - (0 - (-4 + 1)))
-28
What is the value of -16 + (16 - 9) - (-4 + (-2 - 0))?
-3
Evaluate (33 - 44) + (14 - (2 + -3)).
4
What is 2 + (19 - 12) + -3 + 5?
11
Calculate -34 + (82 - 51) + -17 + 0.
-20
Evaluate 14 + (35 - 8) - 15.
26
Evaluate 6 + 0 + (20 - 21 - -4) - 0.
9
What is 12 + -23 + 4 - -5?
-2
-16 + (-33 - -38 - (8 - 3)) + 0
-16
Evaluate -26 - (35 + -40) - (-13 - -2).
-10
What is 20 - ((-20 - -13) + 15)?
12
Evaluate -33 - (-38 - (-8 + 7)).
4
What is the value of -13 - -11 - (17 + 2 - 1 - 6)?
-14
Calculate (-21 - (8 + -22)) + -9 + 3 + 0.
-13
What is -21 - (12 - 15 - -11) - (-8 + 1)?
-22
4 - (-11 + (4 - -19))
-8
157 + -155 - (5 + -2 + (2 - 1))
-2
Calculate -1 - 2 - (22 + -16 - 11).
2
Evaluate -9 + 1 - (653 - 662).
1
What is the value of 5 + (12 - 8) + (0 - -2)?
11
(-12 - -12) + (4 - 4) + 4
4
Calculate -7 + 24 + -5 - 14.
-2
What is -4 + -14 + (8 - (-3 + 5))?
-12
Evaluate (2 - 3) + -1 + 13 + (-3282 - -3242).
-29
Calculate (0 - (10 - (1 + 2))) + 4.
-3
What is 14 - (21 - (-6 - -5 - 13))?
-21
What is the value of 27 - 8 - (-4 - ((-5 - 0) + 3))?
21
What is the value of 1 - 13 - (-28 - 4 - 5)?
25
Evaluate -8 - (5 + -17 + 13 + -4).
-5
What is the value of -26 - -18 - (-3 + -7) - (1 + 3)?
-2
Evaluate 16 + -23 + 31 + 2.
26
-6 + 1 + (24 - (5 + 15))
-1
-5 + (-3 - -20) + -2 + 5
15
What is the value of (11 - 1) + -4 + (7 - (1 + 2))?
10
Evaluate -11 + (1 - (1 + 7)).
-18
Calculate -8 + 4 + (-13 - 0).
-17
Evaluate 1 + 5 + (-16 + -2 - (-3 - 23)).
14
Evaluate (1 - -5) + -16 + 4 - -4 - -5.
3
What is the value of 18 + (-10 - 5) + 10 + -2?
11
Evaluate 0 - (12 + -14 + -1 + 17).
-14
-14 - ((-13 - 18) + 12)
5
What is (14 - 13) + -1 + 6 + -19 + 1?
-12
What is the value of (18 + -8 - 6) + 8?
12
Evaluate -22 + 15 + -2 + 3 + 18.
12
What is the value of 75 - (45 + -34 - -26)?
38
What is the value of (-7 - -5) + 7 + -4 + 4 + 4?
9
(5 - 1 - ((1 - -14) + -4)) + 3
-4
What is -12 + 31 + 1 + 0 - (-28 - -32)?
16
Calculate 11 - (3 - -8) - 3.
-3
(2 - 9 - (-7 - 1) - -18) + -7
12
Calculate -12 - (-11 - -11) - 8.
-20
What is the value of (-5 - -3) + -7 + 1?
-8
-7 + (35 - (-12 + 51))
-11
What is the value of 19 + 33 - 57 - ((-2 - -1) + 1)?
-5
Calculate (4 - 7) + -7 + 4.
-6
What is -16 - (-2 - (-13 + 24))?
-3
Evaluate 33 + -25 + -1 + 4.
11
Calculate -20 - (17 + (-24 - 16)).
3
Calculate -1 - (8 + 2 + -8 + -8 + 20).
-15
Calculate -13 - -14 - -10 - 24.
-13
(-73 - -65) + 1 + 6 + -8
-9
-13 + (-1 - -3) - (-29 + 22)
-4
Calculate -9 - -15 - 3 - -3 - 7.
-1
Calculate 5 - (10 + (5 - 4) - 3).
-3
Calculate 13 + -56 + 36 - (-3 - 15).
11
What is (8 - (24 + -10 + 8)) + 3?
-11
Calculate 5 - (-3 + 4 + 11 + -1 - 0).
-6
What is the value of (2 - 3) + 3 + (-3 - -27 - 14)?
12
-13 + (14 - (-7 + 7)) - 31
-30
What is 4 + 0 - (-3 + (-15 + 13 - 7))?
16
What is -8 + 1